 the prime factors of 65568.
2, 3, 683
What are the prime factors of 104?
2, 13
List the prime factors of 5113.
5113
List the prime factors of 1405.
5, 281
List the prime factors of 100887.
3, 33629
What are the prime factors of 100572?
2, 3, 17, 29
List the prime factors of 52518.
2, 3, 8753
What are the prime factors of 6691?
6691
What are the prime factors of 1388?
2, 347
List the prime factors of 3074.
2, 29, 53
What are the prime factors of 4831?
4831
What are the prime factors of 375?
3, 5
List the prime factors of 1328.
2, 83
What are the prime factors of 2513?
7, 359
List the prime factors of 658.
2, 7, 47
What are the prime factors of 207?
3, 23
List the prime factors of 85016.
2, 10627
What are the prime factors of 852?
2, 3, 71
List the prime factors of 409.
409
What are the prime factors of 1565?
5, 313
What are the prime factors of 32227?
13, 37, 67
List the prime factors of 11425.
5, 457
What are the prime factors of 15653?
11, 1423
What are the prime factors of 4261?
4261
List the prime factors of 201.
3, 67
What are the prime factors of 5991?
3, 1997
What are the prime factors of 1400?
2, 5, 7
List the prime factors of 7083.
3, 787
What are the prime factors of 25985?
5, 5197
What are the prime factors of 1865?
5, 373
List the prime factors of 4277.
7, 13, 47
List the prime factors of 3791.
17, 223
What are the prime factors of 10048?
2, 157
List the prime factors of 843.
3, 281
List the prime factors of 7847.
7, 19, 59
List the prime factors of 63.
3, 7
What are the prime factors of 572?
2, 11, 13
What are the prime factors of 53458?
2, 26729
List the prime factors of 78722.
2, 7, 5623
What are the prime factors of 1657?
1657
List the prime factors of 124.
2, 31
What are the prime factors of 35342?
2, 41, 431
What are the prime factors of 8680?
2, 5, 7, 31
List the prime factors of 67980.
2, 3, 5, 11, 103
What are the prime factors of 106067?
13, 41, 199
List the prime factors of 1918.
2, 7, 137
What are the prime factors of 37954?
2, 7, 2711
What are the prime factors of 143472?
2, 3, 7, 61
What are the prime factors of 32848?
2, 2053
List the prime factors of 7347.
3, 31, 79
What are the prime factors of 83834?
2, 167, 251
What are the prime factors of 4937?
4937
List the prime factors of 2120.
2, 5, 53
List the prime factors of 10212.
2, 3, 23, 37
What are the prime factors of 37697?
11, 23, 149
What are the prime factors of 1475?
5, 59
What are the prime factors of 6474?
2, 3, 13, 83
What are the prime factors of 77857?
13, 53, 113
What are the prime factors of 79045?
5, 15809
What are the prime factors of 65446?
2, 43, 761
List the prime factors of 9116.
2, 43, 53
What are the prime factors of 43021?
11, 3911
List the prime factors of 6096.
2, 3, 127
What are the prime factors of 79257?
3, 29, 911
What are the prime factors of 4200?
2, 3, 5, 7
What are the prime factors of 76311?
3, 61, 139
List the prime factors of 74186.
2, 7, 757
List the prime factors of 11043.
3, 409
List the prime factors of 14715.
3, 5, 109
List the prime factors of 16415.
5, 7, 67
List the prime factors of 78202.
2, 61, 641
List the prime factors of 1396.
2, 349
What are the prime factors of 20427?
3, 11, 619
List the prime factors of 2523.
3, 29
What are the prime factors of 20426?
2, 7, 1459
What are the prime factors of 63790?
2, 5, 6379
List the prime factors of 3636.
2, 3, 101
List the prime factors of 51905.
5, 7, 1483
List the prime factors of 6887.
71, 97
What are the prime factors of 16537?
23, 719
What are the prime factors of 815?
5, 163
List the prime factors of 388.
2, 97
List the prime factors of 3371.
3371
List the prime factors of 76796.
2, 73, 263
List the prime factors of 18285.
3, 5, 23, 53
List the prime factors of 2404.
2, 601
What are the prime factors of 396?
2, 3, 11
What are the prime factors of 30787?
17, 1811
What are the prime factors of 650?
2, 5, 13
What are the prime factors of 6156?
2, 3, 19
List the prime factors of 5932.
2, 1483
List the prime factors of 2771.
17, 163
What are the prime factors of 7687?
7687
List the prime factors of 4161.
3, 19, 73
What are the prime factors of 6832?
2, 7, 61
What are the prime factors of 39502?
2, 19751
List the prime factors of 3307.
3307
List the prime factors of 25067.
7, 3581
List the prime factors of 11764.
2, 17, 173
What are the prime factors of 12189?
3, 17, 239
List the prime factors of 1873.
1873
What are the prime factors of 72957?
3, 83, 293
What are the prime factors of 29090?
2, 5, 2909
List the prime factors of 2068.
2, 11, 47
List the prime factors of 141520.
2, 5, 29, 61
List the prime factors of 24356.
2, 6089
What are the prime factors of 207?
3, 23
What are the prime factors of 909?
3, 101
What are the prime factors of 1543?
1543
List the prime factors of 3822.
2, 3, 7, 13
What are the prime factors of 17196?
2, 3, 1433
List the prime factors of 3001.
3001
What are the prime factors of 1210?
2, 5, 11
List the prime factors of 11607.
3, 53, 73
List the prime factors of 6360.
2, 3, 5, 53
What are the prime factors of 2842?
2, 7, 29
List the prime factors of 5248.
2, 41
What are the prime factors of 1522?
2, 761
List the prime factors of 27074.
2, 13537
List the prime factors of 2471.
7, 353
List the prime factors of 813.
3, 271
What are the prime factors of 2256?
2, 3, 47
List the prime factors of 959.
7, 137
List the prime factors of 9524.
2, 2381
List the prime factors of 26114.
2, 11, 1187
List the prime factors of 17166.
2, 3, 2861
List the prime factors of 376.
2, 47
What are the prime factors of 4529?
7, 647
What are the prime factors of 114158?
2, 11, 5189
What are the prime factors of 25122?
2, 3, 53, 79
What are the prime factors of 2906?
2, 1453
What are the prime factors of 5499?
3, 13, 47
List the prime factors of 357.
3, 7, 17
What are the prime factors of 19693?
47, 419
What are the prime factors of 57761?
11, 59, 89
List the prime factors of 1932.
2, 3, 7, 23
List the prime factors of 9375.
3, 5
What are the prime factors of 135641?
11, 19, 59
List the prime factors of 13733.
31, 443
What are the prime factors of 1434?
2, 3, 239
What are the prime factors of 1465?
5, 293
List the prime factors of 6760.
2, 5, 13
What are the prime factors of 301?
7, 43
List the prime factors of 84827.
84827
What are the prime factors of 5203?
11, 43
What are the prime factors of 21804?
2, 3, 23, 79
List the prime factors of 952.
2, 7, 17
List the prime factors of 3557.
3557
What are the prime factors of 3363?
3, 19, 59
List the prime factors of 1296.
2, 3
List the prime factors of 68.
2, 17
What are the prime factors of 100092?
2, 3, 19, 439
List the prime factors of 3887.
13, 23
List the prime factors of 45751.
45751
List the prime factors of 3069.
3, 11, 31
What are the prime factors of 22106?
2, 7, 1579
What are the prime factors of 217?
7, 31
List the prime factors of 5324.
2, 11
List the prime factors of 502.
2, 251
List the prime factors of 304.
2, 19
What are the prime factors of 865?
5, 173
List the prime factors of 129153.
3, 43051
What are the prime factors of 742?
2, 7, 53
What are the prime factors of 2435?
5, 487
What are the prime factors of 3545?
5, 709
What are the prime factors of 2314?
2, 13, 89
What are the prime factors of 212?
2, 53
List the prime factors of 3076.
2, 769
List the prime factors of 224.
2, 7
List the prime factors of 6524.
2, 7, 233
List the prime factors of 792.
2, 3, 11
List the prime factors of 3305.
5, 661
What are the prime factors of 10240?
2, 5
List the prime factors of 6034.
2, 7, 431
What are the prime factors of 17186?
2, 13, 661
What are the prime factors of 94387?
37, 2551
What are the prime factors of 1048?
2, 131
What are the prime factors of 3255?
3, 5, 7, 31
What are the prime factors of 59864?
2, 7, 1069
What are the prime factors of 6115?
5, 1223
What are the prime factors of 651?
3, 7, 31
List the prime factors of 1516.
2, 379
What are the prime factors of 18674?
2, 9337
List the prime factors of 4955.
5, 991
What are the prime factors of 37894?
2, 18947
What are the prime factors of 10939?
10939
What are the prime factors of 882?
2, 3, 7
What are the prime factors of 10019?
43, 233
What are the prime factors of 34079?
53, 643
What are the prime factors of 114169?
11, 97, 107
What are the prime factors of